ist the prime factors of 40361.
40361
List the prime factors of 4020676.
2, 11, 23, 29, 137
What are the prime factors of 104441?
71, 1471
What are the prime factors of 7536152?
2, 13, 233, 311
What are the prime factors of 8757506?
2, 4378753
What are the prime factors of 6730668?
2, 3, 7, 29, 307
What are the prime factors of 741788?
2, 53, 3499
List the prime factors of 437094.
2, 3, 7, 3469
List the prime factors of 178575.
3, 5, 2381
What are the prime factors of 1898269?
127, 14947
What are the prime factors of 352950?
2, 3, 5, 13, 181
What are the prime factors of 42931?
7, 6133
List the prime factors of 4608616.
2, 757, 761
What are the prime factors of 1475696?
2, 149, 619
List the prime factors of 3559946.
2, 13, 269, 509
List the prime factors of 268663.
23, 11681
What are the prime factors of 226335?
3, 5, 79, 191
What are the prime factors of 37703900?
2, 5, 13, 23, 97
What are the prime factors of 1091843?
1091843
List the prime factors of 204501.
3, 11, 6197
What are the prime factors of 145669?
31, 37, 127
List the prime factors of 5429769.
3, 47, 97, 397
What are the prime factors of 352863?
3, 7, 1867
List the prime factors of 334526.
2, 17, 9839
What are the prime factors of 1616415?
3, 5, 107761
What are the prime factors of 1849384?
2, 19, 23
List the prime factors of 690715.
5, 138143
What are the prime factors of 22500070?
2, 5, 37, 60811
List the prime factors of 5730701.
5730701
What are the prime factors of 489396?
2, 3, 17, 2399
List the prime factors of 8818147.
13, 19, 1879
What are the prime factors of 61910?
2, 5, 41, 151
What are the prime factors of 1072869?
3, 7, 47, 1087
What are the prime factors of 15756526?
2, 1699, 4637
What are the prime factors of 206006?
2, 17, 73, 83
What are the prime factors of 3595816?
2, 7, 9173
What are the prime factors of 101440?
2, 5, 317
What are the prime factors of 101780?
2, 5, 7, 727
List the prime factors of 9736559.
7, 1390937
What are the prime factors of 394039?
394039
What are the prime factors of 19786?
2, 13, 761
What are the prime factors of 121397?
17, 37, 193
List the prime factors of 4014082.
2, 47, 42703
What are the prime factors of 21915476?
2, 11, 73, 6823
What are the prime factors of 635461?
635461
List the prime factors of 8490338.
2, 73, 58153
What are the prime factors of 576777?
3, 192259
List the prime factors of 866760.
2, 3, 5, 31, 233
List the prime factors of 488460.
2, 3, 5, 7, 1163
What are the prime factors of 11538923?
11, 47, 2029
List the prime factors of 975784.
2, 283, 431
What are the prime factors of 23637999?
3, 7, 11, 102329
List the prime factors of 1381371.
3, 137, 3361
What are the prime factors of 1870093?
211, 8863
List the prime factors of 5841954.
2, 3, 23, 103, 137
What are the prime factors of 84398?
2, 19, 2221
List the prime factors of 16241460.
2, 3, 5, 17, 15923
List the prime factors of 322918.
2, 161459
List the prime factors of 700197.
3, 31, 7529
List the prime factors of 340161.
3, 71, 1597
List the prime factors of 3211221.
3, 13, 82339
What are the prime factors of 1284956?
2, 321239
What are the prime factors of 115223?
115223
What are the prime factors of 7652349?
3, 850261
List the prime factors of 447797.
7, 17, 53, 71
List the prime factors of 8216826.
2, 3, 587, 2333
List the prime factors of 7145377.
7145377
What are the prime factors of 157059?
3, 7, 277
List the prime factors of 1966014.
2, 3, 239, 457
What are the prime factors of 14722623?
3, 83, 19709
What are the prime factors of 151070?
2, 5, 15107
What are the prime factors of 977183?
977183
List the prime factors of 23934.
2, 3, 3989
What are the prime factors of 224479?
37, 6067
List the prime factors of 25005147.
3, 17, 151, 191
List the prime factors of 25696.
2, 11, 73
List the prime factors of 170101.
170101
List the prime factors of 28703398.
2, 761, 18859
List the prime factors of 48685.
5, 7, 13, 107
What are the prime factors of 6443?
17, 379
What are the prime factors of 5183042?
2, 2591521
List the prime factors of 29294555.
5, 5858911
List the prime factors of 53373.
3, 17791
List the prime factors of 145462.
2, 257, 283
List the prime factors of 207060.
2, 3, 5, 7, 17, 29
List the prime factors of 185693.
185693
What are the prime factors of 102096?
2, 3, 709
What are the prime factors of 815198?
2, 407599
List the prime factors of 3791988.
2, 3, 35111
What are the prime factors of 10954957?
13, 569, 1481
List the prime factors of 23062905.
3, 5, 23, 22283
What are the prime factors of 15174550?
2, 5, 303491
List the prime factors of 1789503.
3, 29, 67, 307
What are the prime factors of 1307241?
3, 13, 11173
What are the prime factors of 7085097?
3, 262411
What are the prime factors of 2147195?
5, 47, 9137
What are the prime factors of 1411998?
2, 3, 7, 33619
List the prime factors of 7114562.
2, 7, 13, 31, 97
What are the prime factors of 9812147?
127, 77261
What are the prime factors of 331556?
2, 82889
List the prime factors of 212140.
2, 5, 10607
List the prime factors of 25168198.
2, 11, 19, 3169
List the prime factors of 24809455.
5, 11, 31, 14551
List the prime factors of 5190788.
2, 43, 103, 293
What are the prime factors of 26152104?
2, 3, 11, 23, 59, 73
What are the prime factors of 5240310?
2, 3, 5, 37, 4721
What are the prime factors of 24417900?
2, 3, 5, 13, 2087
What are the prime factors of 1677695?
5, 335539
What are the prime factors of 2404383?
3, 801461
List the prime factors of 9129723.
3, 167, 18223
What are the prime factors of 1750738?
2, 11, 79579
List the prime factors of 26309980.
2, 5, 43, 30593
What are the prime factors of 17922274?
2, 8961137
List the prime factors of 1290446.
2, 151, 4273
List the prime factors of 807115.
5, 337, 479
What are the prime factors of 1025397?
3, 113933
What are the prime factors of 138295?
5, 17, 1627
List the prime factors of 1362368.
2, 7, 3041
What are the prime factors of 132336?
2, 3, 919
List the prime factors of 2344991.
11, 213181
What are the prime factors of 418562?
2, 31, 43, 157
What are the prime factors of 545608?
2, 7, 9743
What are the prime factors of 29796402?
2, 3, 47, 157, 673
List the prime factors of 529089.
3, 11, 16033
List the prime factors of 4087790.
2, 5, 7, 23, 2539
What are the prime factors of 1624201?
1624201
What are the prime factors of 35984787?
3, 2579, 4651
What are the prime factors of 8065188?
2, 3, 224033
What are the prime factors of 14541902?
2, 17, 139, 181
What are the prime factors of 183537?
3, 20393
List the prime factors of 103285.
5, 7, 13, 227
List the prime factors of 3414035.
5, 59, 71, 163
List the prime factors of 22918301.
7, 89, 36787
List the prime factors of 1004208.
2, 3, 20921
List the prime factors of 1317277.
13, 107, 947
What are the prime factors of 99338?
2, 49669
List the prime factors of 245896.
2, 7, 4391
What are the prime factors of 33003319?
41, 829, 971
List the prime factors of 310797.
3, 1279
What are the prime factors of 8285938?
2, 19, 29, 73, 103
List the prime factors of 164790.
2, 3, 5, 1831
What are the prime factors of 19053739?
271, 70309
What are the prime factors of 584186?
2, 292093
List the prime factors of 208312.
2, 13, 2003
What are the prime factors of 16201170?
2, 3, 5, 17, 10589
List the prime factors of 565171.
565171
List the prime factors of 1250017.
79, 15823
List the prime factors of 12253.
12253
What are the prime factors of 1126069?
7, 67
What are the prime factors of 697353?
3, 232451
What are the prime factors of 428309?
7, 8741
List the prime factors of 1735666.
2, 17, 71, 719
List the prime factors of 29922598.
2, 14961299
List the prime factors of 242519.
242519
What are the prime factors of 1862082?
2, 3, 34483
What are the prime factors of 1830409?
7, 23, 11369
List the prime factors of 189333.
3, 109, 193
List the prime factors of 157050.
2, 3, 5, 349
What are the prime factors of 2202311?
2202311
What are the prime factors of 38879008?
2, 7, 37, 4691
What are the prime factors of 1160858?
2, 157, 3697
What are the prime factors of 23184994?
2, 7, 59, 28069
What are the prime factors of 23460096?
2, 3, 11, 2777
List the prime factors of 519200.
2, 5, 11, 59
List the prime factors of 1049628.
2, 3, 23, 3803
What are the prime factors of 23375?
5, 11, 17
List the prime